= -h**2 + 22*h - 44. Calculate g(20).
-4
Let d(t) = 4*t + 69. What is d(-17)?
1
Let d(n) = n**3 - 36*n**2 + 35*n + 22. Give d(35).
22
Let n(b) = -b**3 + 26*b**2 - 25*b + 8. Determine n(25).
8
Let o(q) = -2*q**2 + 4*q - 3. Give o(2).
-3
Let d(w) = 3*w**3 - 7*w**2 + 6*w - 5. Calculate d(3).
31
Let i(j) = -j**2 + 8*j + 24. Calculate i(11).
-9
Let g(f) = -f**2 + 10*f - 4. Determine g(5).
21
Let v(k) = -2*k**2 - 14*k - 24. Determine v(-6).
-12
Let j(c) = -c**2 - 9*c - 6. Determine j(-6).
12
Let p(g) = -12*g**3 - 2*g - 2. Determine p(-1).
12
Let c(b) = b**3 - 14*b**2 - 14*b - 16. Calculate c(15).
-1
Let t(w) = w**2 + 4*w - 7. Calculate t(0).
-7
Let o(g) = -g**3 - 20*g**2 - 21*g - 15. Determine o(-19).
23
Let d(n) = 6*n + 52. Give d(-12).
-20
Let p(g) = 15*g - 2. What is p(-1)?
-17
Let g(h) = -h**3 - h**2 + h + 7. What is g(-3)?
22
Let s(c) = -c**2 + 2*c - 1. Calculate s(3).
-4
Let y(w) = w**2 - 16*w + 48. Determine y(12).
0
Let t(z) = -14*z. Give t(-1).
14
Let t(u) = 3*u - 14. Give t(-13).
-53
Let h(m) = 14*m**2 + 3*m + 1. What is h(-2)?
51
Let w(s) = -3*s**2 + 37*s - 17. What is w(15)?
-137
Let o(c) = c**2 + 24*c - 91. Determine o(-27).
-10
Let h(j) = 3*j**2 - j + 2. Determine h(1).
4
Let n(f) = -f**3 + 20*f**2 - 19*f + 9. Give n(19).
9
Let h(u) = u**2 - 10*u + 4. Determine h(5).
-21
Let l(h) = -27*h**3 + 3*h + 1. What is l(-1)?
25
Let r(h) = h**2 + 2*h + 7. Give r(0).
7
Let g(s) = s**3 - 10*s**2 + 12*s - 1. Determine g(9).
26
Let h(p) = 9*p + 85. Give h(-10).
-5
Let y(u) = 18*u + 11. Give y(-2).
-25
Let f(s) = -s**3 + 8*s**2 + 7*s + 3. Determine f(8).
59
Let i(v) = v - 4. Give i(-14).
-18
Let r(q) = -12*q - 138. Determine r(-11).
-6
Let s(f) = -f**2 + 2*f + 7. What is s(-6)?
-41
Let z(t) = -6*t**2 + t - 9. Determine z(3).
-60
Let q(x) = x**3 - 4*x**2 + 5*x + 2. Calculate q(2).
4
Let a(c) = 3*c - 43. Give a(15).
2
Let o(s) = s**3 - 6*s**2 + 4*s - 10. Give o(4).
-26
Let n(f) = -17*f**2 + 3*f + 3. Determine n(2).
-59
Let c(g) = g**2 - 2*g - 2. What is c(-3)?
13
Let w(x) = -x**2 + 3*x + 5. Determine w(-4).
-23
Let l(b) = -b**3 - 21*b**2 - 5*b - 23. Calculate l(-21).
82
Let y(o) = -8*o + 103. Calculate y(14).
-9
Let h(n) = -n**3 + 14*n**2 + 4*n + 162. Give h(15).
-3
Let o(x) = -7*x + 105. Determine o(17).
-14
Let h(a) = -a**2 + 11*a + 2. Calculate h(13).
-24
Let v(c) = -3*c + 16. Give v(5).
1
Let t(f) = 2*f**2 + f + 4. What is t(-3)?
19
Let y(o) = -2*o**3 + 3*o**2 - 2*o + 3. Calculate y(3).
-30
Let j(l) = -l + 8. Give j(10).
-2
Let y(k) = -6*k + 33. Determine y(6).
-3
Let m(b) = b**2 + 37*b - 40. Determine m(-38).
-2
Let m(f) = -f**2 - 7*f + 3. What is m(-8)?
-5
Let q(j) = -4*j**2 - 39*j - 13. Give q(-9).
14
Let t(r) = r**2 - 3*r - 3. Calculate t(-5).
37
Let k(x) = -5*x**2 + 6*x - 3. Calculate k(4).
-59
Let y(b) = -b**3 + 8*b**2 - 11*b - 4. Determine y(5).
16
Let w(y) = y**2 - 13*y + 19. Determine w(17).
87
Let w(s) = -16*s**2 + 2*s - 3. What is w(-2)?
-71
Let n(w) = 14*w**2 + 2*w + 1. Give n(-1).
13
Let j(u) = u**3 + 10*u**2 + 16*u + 2. Determine j(-8).
2
Let d(c) = -c**3 + 6*c**2 - 8*c + 12. Calculate d(5).
-3
Let y(m) = 43*m - 302. Determine y(7).
-1
Let j(p) = p**3 - 10*p**2 + 15*p - 50. Calculate j(9).
4
Let g(s) = -s**3 + 4*s**2 + 9*s - 20. Give g(5).
0
Let u(r) = r**2 - 9*r + 7. Give u(5).
-13
Let l(r) = r**3 + 7*r**2 + 3*r + 12. Calculate l(-7).
-9
Let a(h) = h**3 + 20*h**2 + 22*h + 68. Calculate a(-19).
11
Let n(j) = -j**3 + 8*j**2 - 8*j - 22. Determine n(8).
-86
Let m(x) = x**2 + 9*x + 14. Calculate m(-9).
14
Let c(k) = 7*k + 51. Give c(5).
86
Let a(b) = -b**2 + 11*b - 8. What is a(9)?
10
Let r(c) = c**3 - 4*c**2 - 2*c + 4. Calculate r(3).
-11
Let x(f) = f**3 + 39*f**2 - f - 27. Calculate x(-39).
12
Let m(u) = -10*u - 2. Calculate m(5).
-52
Let x(h) = 21*h + 40. What is x(-8)?
-128
Let t(c) = 27*c - 69. Determine t(6).
93
Let x(q) = -q**2 - 14*q - 9. Determine x(-5).
36
Let l(v) = 2*v**3 - 8*v**2 - 11*v + 40. Give l(5).
35
Let t(n) = 2*n**3 + n**2 + 2*n + 7. Give t(0).
7
Let j(h) = -18*h + 44. What is j(3)?
-10
Let s(t) = -27*t**2 + 1. What is s(2)?
-107
Let h(q) = -5*q + 6. Calculate h(-7).
41
Let q(n) = 3*n + 13. Determine q(-6).
-5
Let b(u) = u**3 - 19*u**2 - 3. Determine b(19).
-3
Let q(v) = -v**3 - 18*v**2 + 18*v - 20. Calculate q(-19).
-1
Let x(c) = c**3 - 5*c**2 - 5*c - 3. What is x(6)?
3
Let j(m) = m**3 - 5*m**2 + 54*m - 193. Determine j(4).
7
Let b(x) = 6*x - 4. Determine b(-7).
-46
Let a(r) = 6*r - 20. Calculate a(-8).
-68
Let z(b) = -2*b**2 - 23*b - 13. What is z(-11)?
-2
Let a(o) = 3*o + 25. Give a(-8).
1
Let n(a) = -a**2 - 19*a - 5. Determine n(-10).
85
Let o(n) = -17*n**2 + 50*n + 2. Determine o(3).
-1
Let k(t) = 9*t - 5. Calculate k(-3).
-32
Let c(x) = -x + 7. Determine c(3).
4
Let y(i) = -3*i**2 + 46*i - 6. Give y(15).
9
Let r(n) = n**2 + 21*n + 51. Give r(-19).
13
Let y(m) = m**2 + 12*m + 18. Calculate y(-9).
-9
Let k(f) = -f**3 + 40*f**2 + 43*f - 89. What is k(41)?
-7
Let j(o) = o**3 + 5*o**2 + 3*o - 9. Calculate j(-4).
-5
Let r(g) = g**3 + 8*g**2 - 9*g - 4. Calculate r(-9).
-4
Let v(c) = -4*c + 28. Calculate v(5).
8
Let y(c) = -c - 7. What is y(-3)?
-4
Let p(s) = s - 55. What is p(38)?
-17
Let o(z) = -2*z**2 + 4*z + 69. Give o(7).
-1
Let j(h) = 25*h**3 - 2*h + 1. Determine j(1).
24
Let r(z) = -4*z**2 + z + 7. Give r(-3).
-32
Let h(l) = l**3 + 5*l**2 - 10*l - 8. Give h(-6).
16
Let i(g) = g**3 - 6*g**2 + 6*g - 3. Calculate i(5).
2
Let u(w) = w**3 - w**2 + w. What is u(-2)?
-14
Let v(w) = -41*w + 278. Calculate v(7).
-9
Let g(m) = m**3 + 3*m**2 - 1. What is g(-3)?
-1
Let t(l) = l**2 + 3*l - 7. Give t(-4).
-3
Let q(o) = o - 27. Determine q(13).
-14
Let c(t) = -2*t**2 + 19*t + 84. Give c(13).
-7
Let o(n) = n**2 + 8*n + 38. Determine o(-10).
58
Let r(o) = o**2 + 3*o - 14. Calculate r(-9).
40
Let b(m) = m - 14. Calculate b(-8).
-22
Let d(x) = x**3 + 29*x**2 + 211*x + 7. Give d(-14).
-7
Let w(h) = 4*h - 11. Give w(4).
5
Let w(n) = -8*n + 2. Calculate w(-3).
26
Let o(t) = -t**2 - 15*t + 143. What is o(-22)?
-11
Let b(a) = -2*a - 4. What is b(-14)?
24
Let d(c) = -c - 40. Give d(-14).
-26
Let h(f) = -f**3 + 10*f**2 + 25*f + 11. What is h(12)?
23
Let h(b) = b**3 - 9*b**2 + 3*b + 13. Give h(8).
-27
Let d(x) = 3*x + 28. What is d(-9)?
1
Let r(x) = x**2 + 5*x - 3. Calculate r(-4).
-7
Let i(q) = 5*q + 3. Calculate i(-2).
-7
Let s(m) = m**3 + 8*m**2 - m - 2. Give s(-8).
6
Let l(i) = -6*i - 25. What is l(-6)?
11
Let q(y) = -16*y + 284. Give q(16).
28
Let l(p) = 10*p + 27. Give l(7).
97
Let d(l) = l**3 + 16*l**2 + 13*l - 29. What is d(-15)?
1
Let m(o) = -9*o. What is m(1)?
-9
Let y(t) = -4*t - 2. Calculate y(-8).
30
Let m(s) = s**2 + 10*s + 9. Calculate m(-11).
20
Let z(j) = 4*j**3 + j**2 - 6*j - 7. Calculate z(-1).
-4
Let k(s) = 2*s + 32. What is k(-14)?
4
Let z(m) = m**2 + 13*m + 43. What is z(-7)?
1
Let k(c) = 3*c**3 - 20*c**2 + 11*c + 9. Give k(6).
3
Let t(f) = -3*f - 18. Determine t(-7).
3
Let w(l) = -2*l**3 - 5*l**2 - 6*l - 9. What is w(-2)?
-1
Let b(u) = -23*u**2. Determine b(-1).
-23
Let t(i) = -i**2 - 2*i - 3. Determine t(-6).
-27
Let t(p) = p**3 + 7*p**2 - p - 8. What is t(-7)?
-1
Let o(u) = -5*u**2 + 11*u - 18. Calculate o(2).
-16
Let n(c) = -46*c - 218. Calculate n(-5).
12
Let w(z) = 2*z**2 - 21*z - 39. Determine w(12).
-3
Let y(q) = -q**2 - 24*q - 119. Calculate y(-17).
0
Let p(l) = 5*l**3 + 13*l**2 - 7*l. Determine p(-3).
3
Let y(x) = 2*x**2 - 68*x + 106. Calculate y(32).
-22
Let z(u) = -u - 4. Determine z(-14).
10
Let u(t) = -t**3 + 6*t**2 + t + 9. What is u(8)?
-111
Let u(o) = 2*o + 17. Determine u(-6).
5
Let o(c) = c**3 - 32*c**2 + 58*c + 62. What is o(30)?
2
Let n(c) = -c**3 + 13*c**2 - 19*c + 30. Determine n(11).
63
Let i(l) = -l**2 - 9*l + 6. What is i(-10)?
-4
Let j(s) = -s**2 + 12*s - 22. Give j(15).
-67
Let g(y) = 9*y**2 + 12*y - 6. Determine g(-4).
90
Let t(s) = -s**2 - 20*s + 289. Determine t(-30).
-11
Let l(v) = -v**3 - 5*v**2 + 3*v - 5. What is l(-7)?
72
Let a(q) = q**2 - q + 4. Calculate a(3).
10
Let i(q) = -56*q**3 + 2*q**2 - 2*q. Determine i(1).
-56
Let f(t) = 5*t + 94. Determine f(-18).
4
Let i(u) = u**3 + 18*u**2 + 8. Determine i(-18).
8
Let d(x) = x**3 + 14*x**2 - 49*x + 35. Give d(-17).
1
Let c(m) = 20*m + 175. Determine c(-9).
-5
Let t(l) = -l**2 + 7*l - 43. Calculate t(10).
-73
Let r(a) = 4*a - 114. De